{"id":211,"date":"2018-11-27T14:53:50","date_gmt":"2018-11-27T14:53:50","guid":{"rendered":"http:\/\/vespeera.org\/?page_id=211"},"modified":"2018-11-27T15:20:51","modified_gmt":"2018-11-27T15:20:51","slug":"vespeera-massnahmen-aus-sicht-der-hausarztpraxen","status":"publish","type":"page","link":"https:\/\/vespeera.org\/?page_id=211","title":{"rendered":"VESPEERA-Ma\u00dfnahmen aus Sicht der Hausarztpraxen"},"content":{"rendered":"<p>Insgesamt setzt das Programm an verschiedenen Stellschrauben an und deckt somit die Versorgung der Patienten von der Krankenhauseinweisung bis zur Entlassung und dar\u00fcber hinaus ab. Die im Rahmen von VESPEERA in den Hausarztpraxen ergriffenen Ma\u00dfnahmen werden von VERAHs und Haus\u00e4rzte gemeinsam durchgef\u00fchrt. Die Integrierbarkeit des VESPEERA-Projektes in den Versorgungsalltag steht f\u00fcr uns hierbei im Fokus und wird daher im Rahmen der Studie mithilfe einer Prozessevaluation\u00a0untersucht.<\/p>\n<p><strong>a) Vor dem Krankenhausaufenthalt:<\/strong><\/p>\n<p>Bei einer Einweisung in ein Krankenhaus ist es f\u00fcr die nahtlose Versorgung der Patienten wichtig, eine angemessene Kommunikation mit dem station\u00e4ren Sektor zu schaffen. Hierzu wird vor einem geplanten Krankenhausaufenthalt ein Assessment zur standardisierten Erhebung wichtiger medizinischer, pflegerischer und sozialer Patientendaten durchgef\u00fchrt. Aus diesem Assessment wird automatisch \u00fcber die <a href=\"https:\/\/vespeera.org\/?page_id=219\">Software<\/a>\u00a0ein Einweisungsbrief generiert, der die Informationen f\u00fcr Krankenh\u00e4user zusammenfasst.<\/p>\n<p>Zudem umfasst das Programm eine Informationsbrosch\u00fcre f\u00fcr Patienten, sodass auch diese sich gezielt auf den Krankenhausaufenthalt vorbereiten k\u00f6nnen.<\/p>\n<p><strong>b) W\u00e4hrend des Krankenhausaufenthaltes:<\/strong><\/p>\n<p>W\u00e4hrend Ihr Patient\/Ihre Patientin sich im Krankenhaus befindet, kann das zust\u00e4ndige Personal in der Klinik Sie bei Bedarf telefonisch kontaktieren. Im Rahmen dieses Telefonates k\u00f6nnen bereits wichtige Behandlungsergebnisse besprochen und der Entlasstermin abgestimmt werden. Dieser Zwischenschritt ist jedoch abh\u00e4ngig davon, ob das jeweilige Krankenhaus ebenfalls an VESPEERA teilnimmt und ob der Patient bereits vor dem Krankenhausaufenthalt f\u00fcr VESPEERA eingeschrieben wurde.<\/p>\n<p><strong>c) Nach dem Krankenhausaufenthalt:<\/strong><\/p>\n<p>Nach der Entlassung wird erneut ein Assessment durchgef\u00fchrt. Hierbei findet eine strukturierte, standardisierte Planung der Weiterbehandlung statt.<\/p>\n<p>W\u00e4hrend des Krankenhausaufenthaltes in einer teilnehmenden Krankenhausabteilung wird der sogenannte HOSPITAL-Score erhoben. Dieser gibt Aufschluss \u00fcber das Risiko der Wiedereinweisung in ein Krankenhaus und berechnet sich aus insgesamt sieben Werten, wie der L\u00e4nge des Krankenhausaufenthaltes, der Anzahl an Krankenhausaufnahmen im vorausgegangenen Jahr, dem Hb-Wert bei Entlassung und vier weiterer Werte. Aus diesen Werten wird dann der Score erhoben, der auf ein erh\u00f6htes Risiko zur Wiedereinweisung hindeutet.<br \/>\nLiegt\u00a0bei Entlassung\u00a0ein erh\u00f6htes Risiko vor, kann beim Patienten ein individuell angepasstes (Telefon-) Monitoring f\u00fcr bis zu 3 Monate nach Entlassung durchgef\u00fchrt werden.<\/p>\n<p>&nbsp;<\/p>\n<p>Wird der Patient ungeplant in ein Krankenhaus eingewiesen, fallen die Ma\u00dfnahmen a) vor und b) w\u00e4hrend des Krankenhausaufenthaltes weg. Sie k\u00f6nnen als Praxis diese Patienten in VESPEERA einschlie\u00dfen, wenn sie nach dem Krankenhausaufenthalt wieder in Ihre Praxis kommen. In diesem Fall beinhaltet VESPEERA f\u00fcr die Patienten die Ma\u00dfnahmen c) nach dem Krankenhausaufenthalt.<\/p>\n<p><a href=\"https:\/\/vespeera.org\/?page_id=54\">zur\u00fcck<\/a><\/p>\n","protected":false},"excerpt":{"rendered":"<p>Insgesamt setzt das Programm an verschiedenen Stellschrauben an und deckt somit die Versorgung der Patienten von der Krankenhauseinweisung bis zur Entlassung und dar\u00fcber hinaus ab. Die im Rahmen von VESPEERA in den Hausarztpraxen ergriffenen Ma\u00dfnahmen werden von VERAHs und Haus\u00e4rzte gemeinsam durchgef\u00fchrt. Die Integrierbarkeit des VESPEERA-Projektes in den Versorgungsalltag steht f\u00fcr uns hierbei im Fokus &hellip; <\/p>\n<p class=\"link-more\"><a href=\"https:\/\/vespeera.org\/?page_id=211\" class=\"more-link\"><span class=\"screen-reader-text\">\u201eVESPEERA-Ma\u00dfnahmen aus Sicht der Hausarztpraxen\u201c <\/span>weiterlesen<\/a><\/p>\n","protected":false},"author":1,"featured_media":0,"parent":54,"menu_order":1,"comment_status":"closed","ping_status":"closed","template":"","meta":{"footnotes":""},"class_list":["post-211","page","type-page","status-publish","hentry"],"_links":{"self":[{"href":"https:\/\/vespeera.org\/index.php?rest_route=\/wp\/v2\/pages\/211","targetHints":{"allow":["GET"]}}],"collection":[{"href":"https:\/\/vespeera.org\/index.php?rest_route=\/wp\/v2\/pages"}],"about":[{"href":"https:\/\/vespeera.org\/index.php?rest_route=\/wp\/v2\/types\/page"}],"author":[{"embeddable":true,"href":"https:\/\/vespeera.org\/index.php?rest_route=\/wp\/v2\/users\/1"}],"replies":[{"embeddable":true,"href":"https:\/\/vespeera.org\/index.php?rest_route=%2Fwp%2Fv2%2Fcomments&post=211"}],"version-history":[{"count":4,"href":"https:\/\/vespeera.org\/index.php?rest_route=\/wp\/v2\/pages\/211\/revisions"}],"predecessor-version":[{"id":235,"href":"https:\/\/vespeera.org\/index.php?rest_route=\/wp\/v2\/pages\/211\/revisions\/235"}],"up":[{"embeddable":true,"href":"https:\/\/vespeera.org\/index.php?rest_route=\/wp\/v2\/pages\/54"}],"wp:attachment":[{"href":"https:\/\/vespeera.org\/index.php?rest_route=%2Fwp%2Fv2%2Fmedia&parent=211"}],"curies":[{"name":"wp","href":"https:\/\/api.w.org\/{rel}","templated":true}]}}